 factors of 145861?
145861
List the prime factors of 8748868.
2, 2187217
What are the prime factors of 2002495?
5, 11, 23, 1583
What are the prime factors of 111726?
2, 3, 2069
What are the prime factors of 87840?
2, 3, 5, 61
What are the prime factors of 345964?
2, 86491
List the prime factors of 1538665.
5, 307733
List the prime factors of 24350804.
2, 131, 46471
List the prime factors of 222942.
2, 3, 73, 509
List the prime factors of 14107160.
2, 5, 127, 2777
List the prime factors of 652572.
2, 3, 18127
What are the prime factors of 2214651?
3, 738217
What are the prime factors of 10145910?
2, 3, 5, 338197
List the prime factors of 1288072.
2, 161009
What are the prime factors of 107713?
107713
What are the prime factors of 16908348?
2, 3, 683, 2063
List the prime factors of 732726.
2, 3, 4523
What are the prime factors of 16194?
2, 3, 2699
What are the prime factors of 240001?
107, 2243
What are the prime factors of 8182999?
11, 367, 2027
What are the prime factors of 34018064?
2, 2126129
List the prime factors of 6680929.
2549, 2621
List the prime factors of 196033.
196033
List the prime factors of 996431.
996431
List the prime factors of 17392225.
5, 695689
What are the prime factors of 856189?
31, 71, 389
What are the prime factors of 9332032?
2, 43, 3391
What are the prime factors of 3275781?
3, 17, 64231
What are the prime factors of 136954?
2, 68477
What are the prime factors of 28248694?
2, 659, 21433
List the prime factors of 3880113.
3, 29, 103, 433
What are the prime factors of 7838195?
5, 31, 61, 829
What are the prime factors of 389626?
2, 194813
What are the prime factors of 3176413?
37, 293
What are the prime factors of 7812598?
2, 89, 43891
List the prime factors of 1429583.
1429583
List the prime factors of 22786995.
3, 5, 7, 11, 109, 181
List the prime factors of 8089298.
2, 7, 577807
What are the prime factors of 90337?
13, 6949
What are the prime factors of 1460034?
2, 3, 29, 2797
What are the prime factors of 4003850?
2, 5, 80077
What are the prime factors of 969530?
2, 5, 96953
List the prime factors of 5918936.
2, 277, 2671
What are the prime factors of 15483135?
3, 5, 311, 3319
List the prime factors of 61638.
2, 3, 10273
What are the prime factors of 507475?
5, 53, 383
List the prime factors of 7669258.
2, 23, 166723
List the prime factors of 1399606.
2, 13, 53831
What are the prime factors of 109470?
2, 3, 5, 41, 89
What are the prime factors of 253302?
2, 3, 7, 37, 163
List the prime factors of 235444.
2, 11, 5351
List the prime factors of 15310367.
15310367
List the prime factors of 400626.
2, 3, 2473
List the prime factors of 2411067.
3, 23, 83, 421
What are the prime factors of 2177360?
2, 5, 17, 1601
What are the prime factors of 8192423?
8192423
What are the prime factors of 1359041?
73, 18617
What are the prime factors of 253216?
2, 41, 193
What are the prime factors of 1232474?
2, 241, 2557
List the prime factors of 6801555.
3, 5, 31, 14627
What are the prime factors of 917589?
3, 29, 53, 199
What are the prime factors of 14171282?
2, 241, 29401
List the prime factors of 936171.
3, 34673
What are the prime factors of 1664434?
2, 832217
What are the prime factors of 194675?
5, 13, 599
List the prime factors of 233323.
233323
List the prime factors of 272377.
7, 167, 233
What are the prime factors of 5463929?
53, 103093
List the prime factors of 1084439.
163, 6653
What are the prime factors of 323376?
2, 3, 6737
What are the prime factors of 3603483?
3, 13, 19, 1621
What are the prime factors of 137271?
3, 45757
What are the prime factors of 33334?
2, 7, 2381
What are the prime factors of 2080554?
2, 3, 7, 49537
List the prime factors of 19615121.
47, 67, 6229
List the prime factors of 635361.
3, 29, 67, 109
List the prime factors of 298978.
2, 149489
List the prime factors of 346896.
2, 3, 11, 73
What are the prime factors of 145546?
2, 61, 1193
List the prime factors of 1615538.
2, 59, 13691
What are the prime factors of 755833?
13, 53, 1097
List the prime factors of 592513.
131, 4523
What are the prime factors of 1063100?
2, 5, 10631
List the prime factors of 145950.
2, 3, 5, 7, 139
List the prime factors of 234967.
234967
What are the prime factors of 1697585?
5, 339517
What are the prime factors of 1345209?
3, 37, 12119
What are the prime factors of 1451018?
2, 17, 42677
What are the prime factors of 19740?
2, 3, 5, 7, 47
List the prime factors of 234185.
5, 7, 6691
What are the prime factors of 100935?
3, 5, 2243
What are the prime factors of 1266805?
5, 253361
What are the prime factors of 491189?
43, 11423
What are the prime factors of 878798?
2, 17, 25847
What are the prime factors of 1230758?
2, 615379
List the prime factors of 1060857.
3, 7, 1871
What are the prime factors of 1483624?
2, 17, 10909
What are the prime factors of 58831?
58831
What are the prime factors of 19646423?
47, 418009
List the prime factors of 3410836.
2, 11, 13, 67, 89
List the prime factors of 25709290.
2, 5, 1361, 1889
What are the prime factors of 1616267?
311, 5197
What are the prime factors of 182421?
3, 20269
What are the prime factors of 2874922?
2, 1437461
List the prime factors of 7004982.
2, 3, 167, 6991
List the prime factors of 1588307.
7, 226901
What are the prime factors of 13701654?
2, 3, 761203
What are the prime factors of 486237?
3, 162079
What are the prime factors of 172582?
2, 86291
What are the prime factors of 99051?
3, 137, 241
List the prime factors of 22816.
2, 23, 31
List the prime factors of 10981978.
2, 7, 112061
List the prime factors of 7252015.
5, 19, 23, 3319
List the prime factors of 3665409.
3, 11, 31, 3583
What are the prime factors of 151547?
11, 23, 599
What are the prime factors of 1884139?
1171, 1609
List the prime factors of 632327.
632327
List the prime factors of 3393815.
5, 678763
What are the prime factors of 1395280?
2, 5, 107, 163
What are the prime factors of 21945129?
3, 1583, 4621
List the prime factors of 4559617.
139, 32803
What are the prime factors of 253755?
3, 5, 5639
What are the prime factors of 2324150?
2, 5, 23, 43, 47
What are the prime factors of 1426801?
1426801
List the prime factors of 410062.
2, 205031
List the prime factors of 651809.
651809
What are the prime factors of 112732?
2, 28183
What are the prime factors of 1329414?
2, 3, 67, 3307
What are the prime factors of 563972?
2, 277, 509
What are the prime factors of 206337?
3, 109, 631
List the prime factors of 2228234.
2, 1114117
List the prime factors of 549033.
3, 23, 73, 109
List the prime factors of 198423.
3, 7349
What are the prime factors of 16127612?
2, 4031903
List the prime factors of 1053756.
2, 3, 11, 887
What are the prime factors of 9869822?
2, 251, 19661
What are the prime factors of 290055?
3, 5, 61, 317
What are the prime factors of 5446212?
2, 3, 453851
List the prime factors of 2275654.
2, 17, 66931
What are the prime factors of 367068?
2, 3, 13, 181
List the prime factors of 4125729.
3, 1375243
What are the prime factors of 430833?
3, 13, 11047
What are the prime factors of 60323?
179, 337
List the prime factors of 177217.
177217
What are the prime factors of 538258?
2, 7, 38447
List the prime factors of 5314737.
3, 19, 93241
What are the prime factors of 1015058?
2, 11, 29, 37, 43
What are the prime factors of 182473?
182473
What are the prime factors of 6073661?
11, 37, 14923
List the prime factors of 4377569.
7, 625367
What are the prime factors of 5140489?
5140489
What are the prime factors of 162131?
197, 823
What are the prime factors of 292414?
2, 293, 499
List the prime factors of 9384653.
97, 96749
List the prime factors of 512233.
23, 22271
List the prime factors of 339618.
2, 3, 23, 107
List the prime factors of 10213353.
3, 31, 36607
What are the prime factors of 1648290?
2, 3, 5, 7, 47, 167
What are the prime factors of 376304?
2, 29, 811
What are the prime factors of 2536947?
3, 7, 31, 433
List the prime factors of 804578.
2, 293, 1373
What are the prime factors of 35777492?
2, 2803, 3191
List the prime factors of 259911.
3, 28879
List the prime factors of 67663.
71, 953
What are the prime factors of 56555?
5, 11311
What are the prime factors of 1981157?
137, 14461
What are the prime factors of 2518217?
13, 97, 1997
List the prime factors of 288576.
2, 3, 167
What a